- 4. Let c(v) = -v**3 + 3*v**2 + 7*v - 5. Let b be c(4). Let m be 4/2*b/(-2). Give n(m).
-5
Let b(v) = 3*v**3 + 9*v**2 - 3*v + 7*v**2 + 3*v - 15*v**2 - 1. Calculate b(2).
27
Let k(h) = -18*h - 11*h + 56*h - 13 - 28*h. What is k(-13)?
0
Let u(w) = -w**2 - 18*w + 24. Let l be u(-19). Suppose 0 = -l*b + 7*b + 8. Let m(g) = g**3 + 5*g**2 + 6*g + 4. Give m(b).
-4
Let i(y) = -14*y**2. Let u(h) be the first derivative of h**4/2 + 8*h**3/3 - 9*h**2/2 + 4*h + 10. Let w be u(-5). Calculate i(w).
-14
Let s(c) be the third derivative of c**6/24 - c**4/12 - c**3/6 - c**2. Suppose 4*b - 8*q = -13*q + 6, -5 = -b - 3*q. Calculate s(b).
-4
Suppose 0*f = 2*f - 24. Let k(g) = -g**2 + 8*g - 10. Let b be k(6). Suppose b*y - 3 = -3*i - 8, 2*i - 3*y = -f. Let u(n) = n**2 - 2*n - 2. Give u(i).
13
Let l(f) = -3*f + 4. Let p = -12 - -14. Let a(v) = 0 + 3*v - 4 - 2*v + p*v. Let o(g) = -5*a(g) - 4*l(g). Give o(3).
-5
Let a(j) be the second derivative of 1/144*j**6 - 1/120*j**5 + 0*j**2 - 1/12*j**4 + 13*j + 0*j**3 + 0. Let w(q) be the third derivative of a(q). Determine w(1).
4
Let f be (-36)/72 - (-35)/(-2). Let d(a) = a**2 + 18*a - 4. Calculate d(f).
-4
Let w(y) be the second derivative of y**4/12 - y**3/6 + 5*y**2/2 - 7*y. Let l = 28 - 24. Determine w(l).
17
Suppose -5*s + 3*g - 3 = -2, 5*g = 5*s + 5. Let m(q) = 5*q**2 + q + q**3 + 0*q**2 - 4*q**2 - 1 + 0*q**2. Determine m(s).
2
Let j(p) = p**3 + 4*p**2 - p + 1. Let d(s) = 1 + 4*s + 11*s**3 + 0 - 6*s**2 + 0 - 10*s**3. Let x be d(5). Give j(x).
5
Let h(x) = 343*x + 17 - 688*x + 344*x. Determine h(8).
9
Let b = -183 - -188. Let k(q) = q**3 - 4*q**2 - 5*q - 6. What is k(b)?
-6
Suppose 0*r = 3*r - 6. Suppose r = -b - 0*b. Let k(g) be the first derivative of 3*g**4/4 + 2*g**3/3 - g**2/2 - 1. What is k(b)?
-14
Let n(k) = -k**2 - 8*k + 13. Suppose -39*p + 32*p = 77. Determine n(p).
-20
Let j(b) = -10*b**2 + 2*b + 2. Let a(l) = 12*l + 38. Let m be a(-3). What is j(m)?
-34
Let d(s) = 7*s**3 - 17*s**2 + 5*s - 5. Let n(h) = -15*h**3 + 37*h**2 - 11*h + 10. Let w(c) = 13*d(c) + 6*n(c). Calculate w(4).
71
Let o be 7/(-12) + 186/248. Let f(l) be the second derivative of o*l**3 - 1/10*l**5 - 3*l + 0 + 1/12*l**4 + 1/2*l**2. Calculate f(-1).
3
Let i(u) = -u**2 - 5*u - 4. Let x = -41 - -56. Suppose -2*p + x = -7*p. Calculate i(p).
2
Let x(z) = 8*z**3 + 10*z**2 + 2*z - 5. Let n(g) = -3*g**3 - g + 2. Let d(t) = -2*n(t) - x(t). Determine d(-5).
1
Suppose -4*a = -0*a - 12. Let v(r) be the first derivative of r**3 - 3*r**2/2 - 4*r + 2280. Calculate v(a).
14
Let p(h) = -h + 8 + 6 + 12 - 36. Give p(-11).
1
Suppose 2*o + 5*p + 11 = 0, 5*p = -6 - 9. Let j(h) = o*h - 14 + 12 - 3*h - h. Give j(-3).
4
Let m(h) = -7*h - 5 - 15*h**2 + 5*h**2 + h**3 - 20*h + 36*h. Calculate m(9).
-5
Suppose 5*y = -20 - 10. Let g(w) be the first derivative of w**4/4 + 7*w**3/3 + 7*w**2/2 + 5*w - 22. What is g(y)?
-1
Suppose 0 = 10*f - 32 - 58. Suppose -f*y = -4*y + 25. Let d(m) = m - 1. Calculate d(y).
-6
Let t = 17 + -12. Suppose -t*g + 2 + 3 = 0. Let n(h) = -6 + 3 + 2 - 8*h. Calculate n(g).
-9
Let o(i) = 32*i**2 + 304*i**3 - 2 - 36*i**2 - 305*i**3. Determine o(-3).
-11
Let s(z) = -z**2 - 4*z - 3. Let w be s(-1). Let i(l) = -l**3 - l + 2. Determine i(w).
2
Let h be (-1 - -1) + (-3 - 132/(-36)). Let l(s) be the third derivative of -3*s**2 - 1/4*s**4 - h*s**3 + 1/60*s**5 + 0 + 0*s. What is l(5)?
-9
Let c be (-7 - (-9 + 3))/(2/8). Let r(m) = -m**2 - 3*m - 2. Calculate r(c).
-6
Suppose 2*u + 0*u - 4*q = 102, -3*q + 193 = 4*u. Let i(a) = a + 18 - u + 25 + a. What is i(4)?
2
Let f(l) = 3*l**2 - 2*l - 4. Let s(m) = 3*m**2 - 3*m - 4. Let i(t) = -6*f(t) + 5*s(t). Let w be (-4 - (-2 - 2)) + 4. Suppose 6 = -w*n - 6. What is i(n)?
-14
Let r(l) = -46*l - 226. Let a be r(-5). Let u(v) = -v**3 + 3*v**2 - v. Give u(a).
-20
Let b be (-1)/((-1 + 3)/(-6)). Let j(k) = -k**2 + 2*k**3 - k - k**2 - b*k**3. Suppose 15*c - 12*c = -6. Calculate j(c).
2
Let t = -70 - -65. Let o(r) = r**2 + r + 7. What is o(t)?
27
Let n be 6/(-10) + (-216)/40. Let w = n + 11. Let a(u) = -6*u**2 + 0*u**2 + 1 + w*u**2 + 12*u**3. Determine a(1).
12
Let c(t) = 2*t - 10. Let a = -11 + 13. Suppose -3*i = -i - 4*s + 10, 0 = -5*i - 4*s - 11. Let f be (i/9)/(a/(-48)). What is c(f)?
6
Suppose -13*z - 890 + 708 = 0. Let i(k) = k + 22. Determine i(z).
8
Let r = -344 + 340. Let n(t) = 6*t**2 + 5*t + 7. Let v(k) = -5*k**2 - 5*k - 6. Let d(h) = 4*n(h) + 5*v(h). Determine d(r).
2
Let z(w) be the third derivative of w**6/120 - w**5/60 - 2*w**3/3 + 4*w**2 - 36*w. Calculate z(-3).
-40
Let w(z) = z**2 - z - 3. Let v(n) = n**2 - n - 3. Let h(f) = 7*v(f) - 6*w(f). Let g be ((-15)/(-20))/((-2)/8). What is h(g)?
9
Let a(f) = -f - 2. Let h(w) = w**2 + 9*w + 12. Let n(r) = -6*a(r) - h(r). Let y be (-2 - 1) + (-2 - -25). Suppose -4*s = 8 - y. Give n(s).
-18
Let t(g) = g**3 - 2*g**2 - 4*g - 1. Let w(j) = 12*j - j**2 + 8*j + 0*j**2 - 18*j + 3. Let h be w(0). What is t(h)?
-4
Let m(b) = 31*b + 155. Let z be m(-5). Let g(i) = 2*i - 34. Give g(z).
-34
Let o(d) = -3. Let f(p) = p. Let b(i) = -2*f(i) + o(i). Let x(h) = 4*h + 7. Let l(s) = 5*b(s) + 2*x(s). Suppose -z + 3 - 4 = 0. What is l(z)?
1
Let g(w) = 5*w**3 - 6*w**3 - 8*w + 4 - 14*w**2 + 3*w**2 + 0*w. Give g(-10).
-16
Let o(p) be the first derivative of -p**5/120 - p**4/4 - 14*p**3/3 - 11. Let s(y) be the third derivative of o(y). Calculate s(-5).
-1
Let z be ((-90)/27)/(2/6). Let m(s) = -26 + s**2 + 24 + 12*s + 15. Calculate m(z).
-7
Let m(s) = s + 8. Let q(c) = -c**3 + 15*c**2 + 3*c - 35. Let j be q(15). Let o = j + -19. What is m(o)?
-1
Let i(p) be the third derivative of p**4/24 - 3*p**3/2 - 687*p**2. Suppose 4*o - 8 = 2*o. Determine i(o).
-5
Suppose -14 = -0*p - p - 4*n, 3*p + 3 = 3*n. Let t(y) = -5*y**2 + 4 - 2 + 0*y**3 + 2*y**2 + y + y**3. Determine t(p).
0
Suppose -24 = 494*m - 502*m. Let t(u) be the third derivative of -1/30*u**5 + 11/120*u**6 + 0 + 0*u + 1/12*u**4 - 4*u**2 - 1/6*u**m. Give t(1).
10
Let k be (2 - 6/4)*2. Let p(u) be the second derivative of u**4/3 - 875*u. Calculate p(k).
4
Suppose 23 = 4*c + 3. Let h(q) = -q**3 - q - 1 + c + 2 + 8*q - 3*q**2. Let g(t) = 2*t + 12. Let i be g(-8). Determine h(i).
-6
Let o be (-244)/28 + 7 - 4/14. Let b(r) = -3*r. What is b(o)?
6
Let p(v) be the first derivative of v**5/60 + v**4/8 - 2*v**3/3 + 21*v**2/2 - 10. Let y(f) be the second derivative of p(f). Let n = 2 - 5. Determine y(n).
-4
Let j(s) be the first derivative of s**3/3 + 3*s**2 + 5*s - 233. What is j(-7)?
12
Let q = -1859 - -1872. Let v(s) = 2*s - 11. Calculate v(q).
15
Let c(r) = -r**2 - r + 65. Suppose a = -2*f + 4, 68*a - 12 = -f + 65*a. Determine c(f).
65
Let i(w) = w. Let v(c) = c**3 - 14*c**2 + 16*c - 1. Let o be v(13). Let g = o - 36. What is i(g)?
2
Let y = 6 + -2. Let o = y + -7. Let x(c) = -4 + 6*c - 4*c - c + c + c**2. Calculate x(o).
-1
Let m(n) = -11*n + 2*n**2 - 10*n - 22*n - 4 + 49*n. What is m(-3)?
-4
Let b(m) be the second derivative of m**4/12 + m**3/3 - m**2/2 - 60*m. Determine b(1).
2
Let w(r) = -3*r**2 - 8 - 9*r + 17 + 4*r**2. Let f(m) = m**3 + 5*m**2 + 3*m - 2. Let y be f(-3). Determine w(y).
-5
Let i(r) be the second derivative of -r**3/6 + 9*r**2/2 + 13*r. Let d be i(3). Let f(u) = -u**3 + 6*u**2 - 2. Give f(d).
-2
Let p be -1 + ((-32)/(-20))/(4/(-10)). Let i(l) = -l**2 - 7*l - 2. Determine i(p).
8
Suppose 5 + 13 = 3*j. Let a(v) = -v + 1. Let g(k) = -32 + 10 + 7*k + 2 + 6. Let p(r) = -5*a(r) - g(r). What is p(j)?
-3
Let y(a) = -a**3 - a**2 + a + 8. Let i be y(0). Let d = i - 6. Let g(m) = -7*m + 2*m**2 - 3 + 8*m + 2 - 3*m. What is g(d)?
3
Let c be (12/15)/(3/15). Let s(v) = -12 + 4 + 7 - c*v. Calculate s(-1).
3
Let q(c) be the second derivative of -c**4/6 + c**3/2 + 252*c. Determine q(-4).
-44
Let i(p) = -p**2 + 9*p. Suppose 5*a = -2*b - 2*b + 42, 4*a = b. Let z be i(b). Let t = -11 + z. Let c(y) = y + 7. Calculate c(t).
4
Let g(o) = 42 - 131 + o + 50 + 47 - 2*o. Give g(5).
3
Let v(g) = g**2 + 5*g - 1. Let f(x) = x + 1. Let z be f(1). Suppose -4*a + 0*p - 41 = -3*p, -2*a = -z*p + 22. Let j = -12 - a. Give v(j).
-5
Let u(b) be the first derivative of -2*b**3/3 - 3*b**2 - 3*b + 7. Determine u(-4).
-11
Let z = -15 - -14. Let k(m) = -114 - 5*m**3 + 3*m**2 + 114 - 2*m**2. Give k(z).
6
Let w(r) = r**3 - 2*r**2 - 4*r + 2. Let v(n) = -n**2 - 7*n - 4. Let 